41
In base 12, what is -31505 - 5?
-3150a
In base 11, what is 94583 - 4?
9457a
In base 15, what is -7554 + -a?
-755e
In base 11, what is -14 - 963?
-977
In base 7, what is -3 + -2053?
-2056
In base 4, what is 2 - -1203100320?
1203100322
In base 6, what is 5 + 1303050?
1303055
In base 12, what is -5a592 + -13?
-5a5a5
In base 11, what is 669 - -1022?
1690
In base 11, what is 463 - -8a?
542
In base 5, what is -1 - -14000003?
14000002
In base 7, what is 12651216 + -2?
12651214
In base 16, what is 751fb + 0?
751fb
In base 6, what is 23435142 - 1?
23435141
In base 8, what is -13 - -4576?
4563
In base 15, what is -1dca1 + 3?
-1dc9d
In base 12, what is 1446 + -2?
1444
In base 14, what is 2 + 10a7c?
10a80
In base 8, what is 2 + -31360?
-31356
In base 7, what is 3424431 - -4?
3424435
In base 12, what is 21 - 47607?
-475a6
In base 11, what is 14388 - 166?
14222
In base 6, what is -431201 + 2?
-431155
In base 13, what is 2 + -40b83?
-40b81
In base 11, what is -830683 + 0?
-830683
In base 9, what is -2530 - -177?
-2342
In base 2, what is 100 - -1010011110101110?
1010011110110010
In base 6, what is 2114 - -223?
2341
In base 10, what is 0 + -204068?
-204068
In base 11, what is 418099 + 5?
4180a3
In base 12, what is -78 - -2270?
21b4
In base 16, what is 1795c - 0?
1795c
In base 10, what is 28 + 33744?
33772
In base 15, what is -2aba + a?
-2ab0
In base 4, what is -113213212 - 2?
-113213220
In base 16, what is ac - -9bb?
a67
In base 15, what is 3 + -5db5?
-5db2
In base 10, what is 3 + -21043?
-21040
In base 11, what is -143409 - 1?
-14340a
In base 13, what is -2 + -a64?
-a66
In base 6, what is -2 - -201205?
201203
In base 2, what is -1101100011111101100 + -11?
-1101100011111101111
In base 2, what is 10001011110 - 1110001?
1111101101
In base 10, what is -7311 + -99?
-7410
In base 8, what is 1 - -220?
221
In base 15, what is -a - 51d?
-528
In base 16, what is -19b + 8d?
-10e
In base 5, what is -14 - -13011033?
13011014
In base 10, what is 25 - -6147?
6172
In base 11, what is -2200 - 23?
-2223
In base 16, what is -a + 234b4?
234aa
In base 6, what is -10 + 21245?
21235
In base 2, what is 101 + -101000000100110?
-101000000100001
In base 4, what is 203010 - -23003?
232013
In base 10, what is 79 - -2962?
3041
In base 15, what is -5 + 2b4c6?
2b4c1
In base 5, what is -11321311 - -3?
-11321303
In base 14, what is 18b - c?
17d
In base 13, what is 383b11 + -5?
383b09
In base 3, what is 10 - -1220110202010?
1220110202020
In base 2, what is 10110 + 10001000111?
10001011101
In base 15, what is 3 - -9205?
9208
In base 5, what is 2 + 24?
31
In base 2, what is 10001101 - -1001001010?
1011010111
In base 5, what is 31413 + -213?
31200
In base 10, what is -57 + -1477?
-1534
In base 16, what is 5 + -715af?
-715aa
In base 12, what is 41 - 7a?
-39
In base 2, what is 1100111000 + 1101?
1101000101
In base 10, what is 2318 + -197?
2121
In base 10, what is 40071 + 90?
40161
In base 5, what is 3142 + 343?
4040
In base 4, what is 220212113 - -11?
220212130
In base 12, what is 206b + -7?
2064
In base 15, what is -27 + 1993?
196b
In base 11, what is -176 - 3aa7?
-4172
In base 9, what is -18748 - -1?
-18747
In base 7, what is -1255 + -34241?
-35526
In base 11, what is -47 - -4229?
4192
In base 10, what is 126 - 228?
-102
In base 10, what is 0 - 694?
-694
In base 10, what is -588321 - 1?
-588322
In base 11, what is -4797 + 43?
-4754
In base 7, what is 2514 - -3254?
6101
In base 7, what is 15152 - 10?
15142
In base 15, what is 71091 + 4?
71095
In base 2, what is 100101100 + 1011111?
110001011
In base 8, what is -1 + 160247?
160246
In base 10, what is 20177 - -18?
20195
In base 15, what is -189e75 + -1?
-189e76
In base 4, what is -112 - -10103211?
10103033
In base 16, what is 1aa9 + -1a?
1a8f
In base 10, what is 211 + -11512?
-11301
In base 8, what is -12 - 1557?
-1571
In base 10, what is -726 + -197?
-923
In base 11, what is 1297 + 107?
13a3
In base 8, what is 16155175 - 1?
16155174
In base 7, what is -24413 - 6?
-24422
In base 7, what is -355423 - -4?
-355416
In base 10, what is -247891 - -2?
-247889
In base 16, what is -47a + -308?
-782
In base 10, what is -168 + -490?
-658
In base 5, what is 313241 - -2?
313243
In base 13, what is c6 + -1b1?
-b8
In base 13, what is -99043 + 1?
-99042
In base 10, what is -38 - -2532?
2494
In base 5, what is 30 - -3342202?
3342232
In base 9, what is 6644 + -12?
6632
In base 10, what is 8 + 1150?
1158
In base 13, what is 1 + 7097?
7098
In base 2, what is -1010101001110001 + -100?
-1010101001110101
In base 7, what is 215 - 2313?
-2065
In base 5, what is 1 - 2400014?
-2400013
In base 9, what is 6148 + 14?
6163
In base 14, what is 1 + a61?
a62
In base 4, what is -302203112 - -11?
-302203101
In base 8, what is -7 - 21467?
-21476
In base 11, what is 21 + -5031?
-5010
In base 7, what is 121415 - 33?
121352
In base 15, what is 6d92 - a?
6d87
In base 15, what is 4 + -60a2?
-609d
In base 6, what is -104244 + 0?
-104244
In base 14, what is 168580 - -1?
168581
In base 8, what is -141511 - -31?
-141460
In base 15, what is -2 - -10cc1?
10cbe
In base 10, what is -5 + 3065?
3060
In base 14, what is -5 + -97d?
-984
In base 13, what is 214603 - 1?
214602
In base 16, what is 197 - -191e?
1ab5
In base 3, what is 100022022 + -11201?
100010121
In base 16, what is 46edce + 2?
46edd0
In base 9, what is 56825 - 16?
56808
In base 5, what is 0 - 341104?
-341104
In base 15, what is -17 + 133?
11b
In base 4, what is -3020 + -1203000?
-1212020
In base 16, what is 79e26 + -1?
79e25
In base 4, what is 3302331322 + 2?
3302331330
In base 11, what is 19 - 9a32?
-9a14
In base 12, what is 3 - -1b6515?
1b6518
In base 2, what is -10 + 1000101100101010001?
1000101100101001111
In base 2, what is -101 - -11010100100001?
11010100011100
In base 7, what is -263 + -22?
-315
In base 3, what is -2 + 102002012?
102002010
In base 16, what is 15d6b - 3?
15d68
In base 4, what is -130 + -203000?
-203130
In base 8, what is 1 + 30126?
30127
In base 6, what is 15221225 - 2?
15221223
In base 4, what is 2 + -221211310?
-221211302
In base 15, what is 26 + -20?
6
In base 5, what is -1234143 - 3?
-1234201
In base 9, what is 677 - -2047?
2735
In base 2, what is -1000001 + 1101001001011?
1101000001010
In base 6, what is 11 - -121031?
121042
In base 7, what is -103033 - 2?
-103035
In base 5, what is 434 - -202401?
203340
In base 8, what is 1 - -14336?
14337
In base 6, what is -1 + -522002?
-522003
In base 3, what is -11 - -1021122201210?
1021122201122
In base 11, what is -4011 + -9a?
-4100
In base 8, what is -2 - 416040?
-416042
In base 3, what is 11 - 21120020220?
-21120020202
In base 16, what is 64 - 18c3?
-185f
In base 15, what is 3 - eb95?
-eb92
In base 8, what is 4 - -335040?
335044
In base 5, what is 0 + 1102?
1102
In base 8, what is -130 + 244101?
243751
In base 2, what is -100111110000 + 101111?
-100111000001
In base 5, what is 34013 + -1111?
32402
In base 14, what is 97b08 - -4?
97b0c
In base 4, what is 12 - -112111103?
112111121
In base 11, what is 2 + -11433?
-11431
In base 11, what is 37893 + 0?
37893
In base 2, what is 101110011 - -101000?
110011011
In base 3, what is 2021 - -11111021?
11120112
In base 10, what is -512 + -8668?
-9180
In base 10, what is 6 - -175?
181
In base 7, what is 155 + 1005?
1163
In base 5, what is -21100301 + 4?
-21100242
In base 2, what is 111111000 + -1110100?
110000100
In base 7, what is -432 + 3043?
2311
In base 12, what is -45 - -4957?
4912
In base 2, what is -100111 + 101?
-100010
In base 11, what is 442 - 84?
369
In base 10, what is 21901 + -1?
21900
In base 7, what is -2 - -260533?
260531
In base 10, what is -150 - -1?
-149
In base 2, what is 1111001011100100 + -101?
1111001011011111
In base 9, what is 6 - 450378?
-450372
In base 14, what is 4 + -12a84c?
-12a848
In base 10, what is -2 + -135774?
-135776
In base 3, what is -1011 + -10010111?
-10011122
In base 7, what is 43532 - 163?
43336
In base 16, what is 1060 - 0?
1060
In base 16, what is 0 + d32a?
d32a
In base 15, what is a9 - 746b?
-73b2
In base 7, what is 2 + -321055?
-321053
In base 4, what is 11113012 + 331?
11120003
In base 16, what is -287 - -ab?
-1dc
In base 9, what is -2613 + -218?
-2832
In base 15, what is 4 - -4a8a?
4a8e
In base 10, what is 1375 + 151?
1526
In base 3, what is 11121000222 + -11?
11121000211
In b